hat is -7 (base 9) in base 15?
-7
-3 (base 9) to base 15
-3
4 (base 11) to base 3
11
Convert -47 (base 11) to base 16.
-33
-8d (base 15) to base 14
-97
Convert -1002 (base 5) to base 2.
-1111111
Convert -9 (base 12) to base 16.
-9
What is 8 (base 11) in base 15?
8
Convert 7 (base 8) to base 11.
7
1 (base 16) to base 9
1
Convert 2 (base 8) to base 6.
2
Convert -1001 (base 2) to base 8.
-11
What is -122 (base 6) in base 5?
-200
Convert 11 (base 4) to base 6.
5
Convert 3 (base 14) to base 13.
3
Convert 0 (base 13) to base 11.
0
What is -2201 (base 4) in base 10?
-161
What is 0 (base 4) in base 10?
0
-1a (base 13) to base 7
-32
What is 2 (base 8) in base 9?
2
3 (base 7) to base 12
3
-110111 (base 2) to base 15
-3a
What is 220 (base 6) in base 2?
1010100
2243 (base 5) to base 15
168
Convert -dd (base 14) to base 2.
-11000011
What is 0 (base 2) in base 8?
0
Convert -100 (base 3) to base 4.
-21
What is 1 (base 6) in base 3?
1
7 (base 9) to base 16
7
Convert 3 (base 5) to base 6.
3
Convert 88 (base 12) to base 6.
252
What is -1 (base 2) in base 13?
-1
What is 80 (base 10) in base 2?
1010000
Convert -51 (base 16) to base 7.
-144
-10000 (base 2) to base 13
-13
What is -21 (base 14) in base 11?
-27
1 (base 13) to base 8
1
Convert 10 (base 12) to base 16.
c
What is 113 (base 13) in base 15?
c5
2 (base 5) to base 12
2
-9 (base 13) to base 14
-9
What is 13 (base 9) in base 12?
10
3 (base 8) to base 10
3
What is 2122 (base 3) in base 13?
56
What is 11 (base 2) in base 16?
3
Convert 5 (base 12) to base 2.
101
What is -535 (base 6) in base 15?
-d8
What is 1022 (base 3) in base 9?
38
Convert 28 (base 11) to base 7.
42
-133 (base 4) to base 16
-1f
Convert 10021 (base 3) to base 10.
88
-2 (base 5) to base 16
-2
What is -105 (base 14) in base 11?
-173
2 (base 5) to base 14
2
What is -411 (base 8) in base 7?
-526
What is 7 (base 11) in base 4?
13
-31 (base 7) to base 10
-22
What is -5 (base 6) in base 15?
-5
What is -141 (base 7) in base 14?
-58
Convert -6 (base 15) to base 6.
-10
What is 35 (base 12) in base 11?
38
2 (base 9) to base 7
2
Convert -10 (base 12) to base 3.
-110
What is 12 (base 7) in base 12?
9
Convert 96 (base 10) to base 6.
240
-240 (base 6) to base 15
-66
-16 (base 11) to base 12
-15
-5 (base 14) to base 3
-12
What is 0 (base 10) in base 16?
0
0 (base 3) to base 9
0
-1 (base 7) to base 12
-1
-1313 (base 4) to base 15
-7e
0 (base 7) to base 9
0
Convert 81 (base 13) to base 10.
105
30 (base 5) to base 6
23
What is 77 (base 16) in base 13?
92
-61 (base 14) to base 5
-320
What is -2 (base 15) in base 6?
-2
What is -55 (base 7) in base 13?
-31
What is 237 (base 8) in base 16?
9f
-b (base 15) to base 10
-11
-150 (base 6) to base 14
-4a
What is -22 (base 8) in base 10?
-18
0 (base 13) to base 14
0
Convert -80 (base 14) to base 6.
-304
Convert -3c (base 14) to base 8.
-66
Convert -1 (base 7) to base 3.
-1
Convert 11 (base 6) to base 14.
7
Convert 304 (base 5) to base 10.
79
-3 (base 8) to base 10
-3
What is -147 (base 11) in base 4?
-2230
-86 (base 11) to base 6
-234
Convert -12 (base 13) to base 10.
-15
2 (base 15) to base 6
2
Convert 24 (base 8) to base 12.
18
What is 5 (base 10) in base 4?
11
-41 (base 14) to base 13
-45
What is 2 (base 15) in base 5?
2
-3 (base 4) to base 16
-3
What is -212 (base 3) in base 2?
-10111
Convert 3 (base 8) to base 14.
3
Convert -131 (base 10) to base 16.
-83
What is 1 (base 12) in base 2?
1
What is 103 (base 10) in base 6?
251
What is -30 (base 15) in base 14?
-33
Convert -208 (base 12) to base 8.
-450
10 (base 7) to base 13
7
What is -11 (base 14) in base 12?
-13
Convert -17 (base 12) to base 10.
-19
-3 (base 12) to base 6
-3
-5 (base 7) to base 4
-11
What is 57 (base 16) in base 12?
73
-13 (base 10) to base 15
-d
What is 6 (base 9) in base 4?
12
-10 (base 8) to base 10
-8
35 (base 15) to base 11
46
What is 10 (base 6) in base 10?
6
Convert 21 (base 7) to base 5.
30
What is -336 (base 7) in base 14?
-c6
Convert 0 (base 10) to base 14.
0
-3 (base 16) to base 10
-3
Convert 10 (base 5) to base 9.
5
-7 (base 8) to base 2
-111
What is -1404 (base 5) in base 2?
-11100101
What is 0 (base 2) in base 12?
0
0 (base 5) to base 14
0
-1 (base 2) to base 12
-1
Convert 35 (base 7) to base 6.
42
Convert 3c (base 14) to base 4.
312
What is -140 (base 7) in base 10?
-77
What is 220 (base 6) in base 5?
314
What is 4 (base 5) in base 15?
4
3d (base 14) to base 15
3a
-6 (base 10) to base 3
-20
What is 1 (base 6) in base 12?
1
Convert 8 (base 13) to base 3.
22
Convert -1003 (base 5) to base 4.
-2000
Convert -44 (base 11) to base 4.
-300
Convert -10 (base 3) to base 11.
-3
Convert -3 (base 10) to base 5.
-3
Convert 11 (base 16) to base 2.
10001
What is -b (base 15) in base 5?
-21
-43 (base 11) to base 8
-57
Convert -1010110 (base 2) to base 9.
-105
Convert -5 (base 14) to base 9.
-5
What is -12 (base 5) in base 16?
-7
What is 3 (base 8) in base 16?
3
Convert 9 (base 10) to base 13.
9
-1 (base 6) to base 3
-1
What is -42 (base 5) in base 13?
-19
0 (base 11) to base 4
0
Convert -10 (base 4) to base 3.
-11
Convert -7 (base 9) to base 5.
-12
Convert -c (base 13) to base 9.
-13
71 (base 14) to base 4
1203
What is 2 (base 15) in base 12?
2
1 (base 10) to base 12
1
Convert 10101 (base 2) to base 3.
210
Convert 22 (base 4) to base 2.
1010
Convert -10102 (base 3) to base 15.
-62
Convert -10 (base 3) to base 14.
-3
Convert 10 (base 5) to base 12.
5
Convert -81 (base 11) to base 7.
-155
What is -50 (base 6) in base 7?
-42
11 (base 9) to base 12
a
Convert 42 (base 6) to base 8.
32
3 (base 13) to base 5
3
Convert 10 (base 7) to base 5.
12
What is 442 (base 5) in base 16?
7a
2 (base 14) to base 5
2
-2 (base 6) to base 9
-2
Convert 6 (base 9) to base 6.
10
Convert -3 (base 10) to base 15.
-3
What is -5 (base 13) in base 8?
-5
Convert 133 (base 7) to base 16.
49
What is 0 (base 13) in base 8?
0
What is -34 (base 7) in base 2?
-11001
Convert 11 (base 8) to base 6.
13
What is 14b (base 14) in base 5?
2023
What is 1 (base 6) in base 4?
1
What is 0 (base 13) in base 16?
0
-4 (base 7) to base 3
-11
-312 (base 7) to base 6
-420
What is -1 (base 6) in base 10?
-1
0 (base 10) to base 12
0
-106 (base 11) to base 14
-91
What is -c (base 16) in base 14?
-c
Convert -1 (base 13) to base 6.
-1
What is 2 (base 11) in base 6?
2
What is 2 (base 11) in base 5?
2
-9 (base 10) to base 6
-13
1122 (base 4) to base 13
6c
What is 5 (base 6) in base 3?
12
What is 211 (base 6) in base 3?
2221
52 (base 8) to base 11
39
What is c9 (base 13) in base 6?
433
Convert 4 (base 10) to base 11.
4
Convert -d (base 16) to base 3.
-111
Convert 1021 (base 4) to base 7.
133
1122 (base 3) to base 13
35
-2 (base 11) to base 3
-2
-2 (base 13) to base 16
-2
-44 (base 11) to base 10
-48
224 (base 5) to base 15
44
11 (base 12) to base 3
111
What is -3 (base 7) in base 2?
-11
Convert 13 (base 7) to base 9.
11
What is b (base 13) in base 15?
b
What is -16 (base 14) in base 12?
-18
Convert 11 (base 16) to base 9.
18
What is 31 (base 10) in base 9?
34
Convert -12 (base 8) to base 13.
-a
What is -7 (base 8) in base 16?
-7
Convert 5 (base 15) to base 11.
5
Convert 133 (base 8) to base 15.
61
Convert -a (base 15) to base 4.
-22
What is 37 (base 10) in base 9?
41
What is -5 (base 10) in base 12?
-5
-8 (base 15) to base 13
-8
-110 (base 5) to base 2
-11110
-1 (base 8) to base 6
-1
Convert -14 (base 7) to base 15.
-b
What is -2 (base 7) in base 3?
-2
Convert -2 (base 10) to base 3.
-2
c (base 13) to base 12
10
What is 2 (base 14) in base 11?
2
Convert 1 (base 13) to base 14.
1
What is -202 (base 3) in base 12?
-18
272 (base 8) to base 4
2322
Convert -30 (base 8) to base 9.
-26
Convert -107 (base 9) to base 13.
-6a
-12 (base 14) to base 9
-17
Convert 3 (base 16) to base 5.
3
What is -14 (base 15) in base 16?
-13
What is -5 (base 6) in base 15?
-5
What is -100 (base 3) in base 12?
-9
What is b (base 14) in base 9?
12
Convert 6 (base 16) to base 3.
20
What is -ba (base 14) in base 11?
-13a
What is d8 (base 16) in base 3?
22000
-7 (base 9) to base 2
-111
Convert -1 (base 10) to base 15.
-1
-8 (base 15) to base 3
-22
Convert -111 (base 3) to base 6.
-21
Convert 16 (base 14) to base 13.
17
2 (base 9) to base 7
2
What is 3 (base 4) in base 10?
3
Convert 11011 (base 2) to base 7.
36
-10120 (base 3) to base 13
-75
What